 when 84 is divided by 49?
35
What is the remainder when 388 is divided by 131?
126
What is the remainder when 336 is divided by 57?
51
Calculate the remainder when 12216 is divided by 6.
0
What is the remainder when 1724 is divided by 157?
154
What is the remainder when 285 is divided by 34?
13
Calculate the remainder when 2322 is divided by 101.
100
What is the remainder when 157 is divided by 45?
22
What is the remainder when 41 is divided by 7?
6
What is the remainder when 557 is divided by 140?
137
What is the remainder when 396 is divided by 8?
4
What is the remainder when 163 is divided by 50?
13
Calculate the remainder when 2582 is divided by 47.
44
Calculate the remainder when 371 is divided by 32.
19
What is the remainder when 917 is divided by 20?
17
Calculate the remainder when 444 is divided by 224.
220
Calculate the remainder when 277 is divided by 66.
13
What is the remainder when 279 is divided by 217?
62
What is the remainder when 367 is divided by 42?
31
Calculate the remainder when 26 is divided by 19.
7
Calculate the remainder when 661 is divided by 134.
125
What is the remainder when 75 is divided by 41?
34
Calculate the remainder when 3869 is divided by 1285.
14
Calculate the remainder when 51 is divided by 19.
13
What is the remainder when 301 is divided by 17?
12
Calculate the remainder when 21 is divided by 13.
8
What is the remainder when 466 is divided by 66?
4
Calculate the remainder when 292 is divided by 25.
17
What is the remainder when 235 is divided by 18?
1
What is the remainder when 261 is divided by 54?
45
What is the remainder when 370 is divided by 42?
34
Calculate the remainder when 76 is divided by 6.
4
What is the remainder when 226 is divided by 6?
4
What is the remainder when 103 is divided by 60?
43
Calculate the remainder when 79 is divided by 17.
11
Calculate the remainder when 110 is divided by 37.
36
What is the remainder when 3291 is divided by 548?
3
What is the remainder when 422 is divided by 25?
22
Calculate the remainder when 665 is divided by 48.
41
What is the remainder when 210 is divided by 13?
2
What is the remainder when 223 is divided by 32?
31
Calculate the remainder when 1179 is divided by 64.
27
What is the remainder when 991 is divided by 196?
11
Calculate the remainder when 394 is divided by 96.
10
What is the remainder when 2230 is divided by 72?
70
Calculate the remainder when 102 is divided by 20.
2
Calculate the remainder when 41098 is divided by 100.
98
Calculate the remainder when 115 is divided by 7.
3
What is the remainder when 4795 is divided by 39?
37
What is the remainder when 2259 is divided by 33?
15
What is the remainder when 81 is divided by 12?
9
What is the remainder when 523 is divided by 53?
46
What is the remainder when 185 is divided by 52?
29
Calculate the remainder when 110 is divided by 28.
26
Calculate the remainder when 4911 is divided by 26.
23
What is the remainder when 161 is divided by 40?
1
Calculate the remainder when 269 is divided by 54.
53
What is the remainder when 164 is divided by 57?
50
What is the remainder when 280 is divided by 96?
88
Calculate the remainder when 630 is divided by 104.
6
Calculate the remainder when 356 is divided by 24.
20
Calculate the remainder when 988 is divided by 125.
113
Calculate the remainder when 1898 is divided by 241.
211
What is the remainder when 331 is divided by 108?
7
Calculate the remainder when 474 is divided by 138.
60
Calculate the remainder when 673 is divided by 13.
10
What is the remainder when 1163 is divided by 12?
11
What is the remainder when 1085 is divided by 127?
69
Calculate the remainder when 3223 is divided by 8.
7
What is the remainder when 195 is divided by 96?
3
What is the remainder when 862 is divided by 13?
4
What is the remainder when 12868 is divided by 211?
208
What is the remainder when 282 is divided by 18?
12
Calculate the remainder when 191 is divided by 48.
47
What is the remainder when 572 is divided by 50?
22
Calculate the remainder when 325 is divided by 159.
7
What is the remainder when 209 is divided by 70?
69
What is the remainder when 231 is divided by 121?
110
Calculate the remainder when 342 is divided by 115.
112
Calculate the remainder when 19 is divided by 5.
4
Calculate the remainder when 2474 is divided by 17.
9
Calculate the remainder when 112 is divided by 39.
34
What is the remainder when 1253 is divided by 57?
56
What is the remainder when 219 is divided by 13?
11
What is the remainder when 245 is divided by 28?
21
What is the remainder when 2178 is divided by 37?
32
Calculate the remainder when 2386 is divided by 46.
40
Calculate the remainder when 1994 is divided by 45.
14
Calculate the remainder when 94 is divided by 35.
24
What is the remainder when 120 is divided by 13?
3
Calculate the remainder when 259 is divided by 236.
23
Calculate the remainder when 307 is divided by 35.
27
What is the remainder when 306 is divided by 107?
92
Calculate the remainder when 283 is divided by 231.
52
Calculate the remainder when 30 is divided by 18.
12
What is the remainder when 49 is divided by 18?
13
What is the remainder when 1441 is divided by 241?
236
Calculate the remainder when 133 is divided by 58.
17
Calculate the remainder when 890 is divided by 294.
8
What is the remainder when 3946 is divided by 21?
19
What is the remainder when 393 is divided by 168?
57
Calculate the remainder when 727 is divided by 26.
25
Calculate the remainder when 155 is divided by 24.
11
Calculate the remainder when 6497 is divided by 65.
62
Calculate the remainder when 191 is divided by 41.
27
Calculate the remainder when 946 is divided by 24.
10
What is the remainder when 394 is divided by 20?
14
Calculate the remainder when 91 is divided by 4.
3
What is the remainder when 9457 is divided by 57?
52
What is the remainder when 320 is divided by 23?
21
What is the remainder when 63 is divided by 17?
12
Calculate the remainder when 3491 is divided by 19.
14
Calculate the remainder when 242 is divided by 13.
8
What is the remainder when 150 is divided by 36?
6
Calculate the remainder when 1558 is divided by 217.
39
Calculate the remainder when 357 is divided by 60.
57
Calculate the remainder when 152 is divided by 41.
29
Calculate the remainder when 74 is divided by 13.
9
What is the remainder when 2827 is divided by 14?
13
Calculate the remainder when 171 is divided by 24.
3
What is the remainder when 223 is divided by 63?
34
Calculate the remainder when 104 is divided by 27.
23
What is the remainder when 1803 is divided by 43?
40
What is the remainder when 835 is divided by 11?
10
Calculate the remainder when 11517 is divided by 13.
12
Calculate the remainder when 144 is divided by 6.
0
Calculate the remainder when 224 is divided by 26.
16
Calculate the remainder when 455 is divided by 373.
82
Calculate the remainder when 418 is divided by 140.
138
What is the remainder when 47 is divided by 13?
8
Calculate the remainder when 5180 is divided by 72.
68
Calculate the remainder when 427 is divided by 14.
7
What is the remainder when 162 is divided by 59?
44
What is the remainder when 348 is divided by 69?
3
What is the remainder when 586 is divided by 145?
6
What is the remainder when 1051 is divided by 27?
25
Calculate the remainder when 303 is divided by 34.
31
What is the remainder when 546 is divided by 25?
21
What is the remainder when 82 is divided by 29?
24
What is the remainder when 75274 is divided by 123?
121
What is the remainder when 1635 is divided by 52?
23
Calculate the remainder when 4248 is divided by 284.
272
Calculate the remainder when 264 is divided by 67.
63
What is the remainder when 679 is divided by 71?
40
What is the remainder when 53 is divided by 1?
0
What is the remainder when 773 is divided by 768?
5
What is the remainder when 125 is divided by 13?
8
Calculate the remainder when 200 is divided by 94.
12
Calculate the remainder when 341 is divided by 29.
22
What is the remainder when 344 is divided by 30?
14
What is the remainder when 848 is divided by 22?
12
Calculate the remainder when 762 is divided by 153.
150
What is the remainder when 28271 is divided by 372?
371
What is the remainder when 3851 is divided by 1921?
9
What is the remainder when 144